+ 2467. What is the thousands digit of j?
3
Let s = 28 + -52. Suppose 2*m - h = 78, -2*h = -7*h. Let v = m + s. What is the tens digit of v?
1
Let g = 7 + -6. Let l = -2 - g. Let x = l + 14. What is the tens digit of x?
1
Let g(m) = -m**2 + 9*m - 5. Let v be (-2 - 0)/(-2) + -1. Suppose 0*x + x - 4 = v. What is the units digit of g(x)?
5
Suppose 0 = 9*d - 8205 - 4989. What is the units digit of d?
6
Suppose -65 = 2*o + a - 922, 0 = o - 3*a - 439. What is the tens digit of o?
3
Let a = -2126 - -3126. What is the tens digit of a?
0
Suppose 5 = 3*h - 1. Suppose 2*t = 91 - 13. Suppose -t = -3*s - 4*a + h*a, 3*a = 5*s - 65. What is the tens digit of s?
1
Let s(j) = j**3 + 24*j**2 + 6*j + 24. Let b be s(-25). Let l = -497 - b. What is the tens digit of l?
5
Let b = 23 - 27. Let l(i) = -5*i**3 - 15*i**2 + 4*i + 2. Let x(c) = -6*c**3 - 16*c**2 + 3*c + 2. Let s(f) = b*x(f) + 5*l(f). What is the tens digit of s(-12)?
5
Let p = 13 - 8. Suppose 0 = -x + p - 1. Let t(w) = 3*w**2 - 6*w + 5. What is the tens digit of t(x)?
2
Let o(d) = d**3 + 2*d**2 - 11*d - 24. Let l be o(-5). What is the units digit of l/(-110) - (-313)/5?
3
Suppose -s + 928 = -2*b, 3*s + 2*b - 4687 = -1903. What is the tens digit of s?
2
Let d = -45 + 22. Let c = -14 - d. Let i(q) = -q**2 + 12*q - 3. What is the units digit of i(c)?
4
Let w be -1*(-1 - -17)/2. Let b(z) be the first derivative of z**2/2 + 13*z + 1. What is the units digit of b(w)?
5
Suppose -747 = 2*a - 3375. What is the tens digit of a?
1
Suppose 3*j - 309 = -2*l - l, -410 = -4*l - 3*j. What is the hundreds digit of l?
1
Suppose -315 = -2*y - 3*x, -2*y + 2*x + 263 + 47 = 0. Suppose t - 5*t = -y. What is the tens digit of t?
3
Suppose 0 = 4*x + 25 + 23. Let g = x - -13. What is the units digit of -2 + g/(2/92)?
4
Suppose -4*o + 16 = 4*y, 2*y - o + 7 = -0*y. Let k be (-1 - (-3)/y)*-2. What is the units digit of 9/(2/k*6)?
6
Let l(m) = m**3 + 7*m**2 - m + 7. Let h be l(-7). Let j(o) = 8 - o + 11 - h. What is the tens digit of j(-9)?
1
Suppose -q = -2*q + 30. Suppose q = 7*h - 2*h. Suppose h*c - 85 = c. What is the tens digit of c?
1
What is the thousands digit of (0 - -1)/((-9)/(-120582)*11)?
1
Suppose 0 = -4*k + 21 + 19. Suppose 2*l = 7*l. Suppose l = -k*r + 7*r + 18. What is the units digit of r?
6
Suppose -2*z = 4*b - 30, 2*b = 5*b - z - 20. Suppose -b*d - 415 = -12*d. What is the tens digit of d?
8
Let d(b) = 3*b + 0*b - 4*b - 5. What is the units digit of d(-6)?
1
Let o = 35 - 23. Suppose 4*b = 2*b + 4*z + 330, -4*z = -o. What is the hundreds digit of b?
1
Let a = -3831 - -6795. What is the hundreds digit of a?
9
Suppose 3*k - 27 = 2*k. Let d = 78 - k. What is the units digit of d?
1
Let v(u) be the third derivative of u**5/30 + 7*u**4/24 - 4*u**2. Let g be v(-5). Suppose b - g = 13. What is the units digit of b?
8
Suppose -5*r + 7*r - 210 = v, -5*v - 1050 = r. Let a = v + 301. What is the tens digit of a?
9
Suppose 2*k - 4*v - 261 = 205, -5*k + 5*v + 1165 = 0. What is the tens digit of k?
3
What is the tens digit of (-4 + 5 - -556) + (-3 - -7)?
6
Suppose 2*d - d = 2. Suppose -d*q = -39 + 15. What is the tens digit of q?
1
Suppose 0 = 3*l + b + 79, b + b + 2 = 0. Let n(j) = 3*j**3 + 2*j**2 - j. Let f be n(-2). What is the tens digit of l/91 + (-340)/f?
2
Let m be (1/(1/1))/(30/150). Suppose -3*v + 809 = -m*l, -3*l + 4 = -l. What is the units digit of v?
3
Let q(y) = y**2 + y - 21. Suppose -d = -h - 14, -h + 0*h + 4*d - 26 = 0. What is the tens digit of q(h)?
6
Suppose -y - 4 = 5*d, 5*d - y = -4*y - 12. Suppose -2*x + 4*x - 6 = d. Suppose 4*h = -4*i + 6*h + 186, i = x*h + 34. What is the units digit of i?
9
Suppose 2*o - y = 339, -2*y + 551 + 115 = 4*o. What is the units digit of o?
8
Suppose 3*g - 5*b - 932 = 0, -4*g + 2*b - 227 + 1493 = 0. What is the hundreds digit of g?
3
Let c = 5 - 9. Let w(z) = -z**2 - 8*z - 3. Let a be w(c). Suppose -2*v + 82 = j, -69 - a = -2*v + 4*j. What is the units digit of v?
1
Let k(r) = 9*r**3 - r**2. Let a(i) = i**3 - 9*i**2 + 9*i - 5. Let f be a(8). Suppose 1 - 4 = -f*d. What is the units digit of k(d)?
8
Suppose -5*c + 2*c = 3. What is the units digit of (c - 2)*(3 + -6)?
9
Suppose 14*x - 10*x - 116 = 0. Let j = 48 - x. What is the units digit of j?
9
Let c be 1/(7/(-3)) + (-2036)/(-14). Let o = c + 165. What is the tens digit of o?
1
Let z(i) = i**3 + i**2 - i. Let d be z(-2). Let h be (-2)/3 + (-11744)/24. What is the units digit of (1/d)/(5/h)?
9
Suppose 4*i - 2278 - 2714 = 5*r, -2*i + 2522 = 4*r. What is the tens digit of i?
5
Let m = 86 - 43. Let z = -10 + m. What is the units digit of z?
3
Let h(g) = -105*g - 28. What is the tens digit of h(-8)?
1
Let n = -3264 + 7442. What is the tens digit of n?
7
Suppose 14*j - 33*j + 1748 = 0. What is the tens digit of j?
9
Let q = -1535 + 929. Let f = -407 - q. Suppose 3 = -4*v + 2*r + f, 5*v = r + 248. What is the units digit of v?
0
Let j = 2514 + -981. What is the hundreds digit of j?
5
Let i(p) = p**3 - 6*p**2 - 6*p - 3. Let z be i(7). Let d be 48*4/32*4. What is the tens digit of d - (z + -3) - -1?
2
Let f be ((-297)/(-2))/(5/(-2) - -2). Let a = 441 + f. What is the hundreds digit of a?
1
Let o = 15 - 6. Suppose 3 = -2*c + o. Suppose 6*g - 50 = -5*k + g, k - c*g - 18 = 0. What is the units digit of k?
2
Let z be (-4)/18 + (-406)/(-126). Suppose z*d - 10 = d, -5*v + 215 = 2*d. What is the tens digit of v?
4
Suppose -12*v + 8*v = -40. Let p(x) = x**3 - 9*x**2 - 5*x + 5. What is the units digit of p(v)?
5
What is the tens digit of (-260)/52 - 3/(3/(-256))?
5
Let p(h) = 542*h**2 - 10*h - 17. What is the units digit of p(-2)?
1
Suppose 2*k = 8*k + 180. Let l be (45/k)/(6/(-52)). Suppose 12*t = l*t - 39. What is the units digit of t?
9
Suppose j = -4*i - 31, 13 = -5*i - 3*j - 17. What is the units digit of 21/9 + (-6)/i?
3
Let x = 0 + 2. Suppose -l - 9 = x*l. Let o = 24 + l. What is the tens digit of o?
2
Suppose 20*b + 78 = 18. Let f = -126 - 95. What is the tens digit of b/(-7) - f/7?
3
Let f = 18 - 18. Suppose f = 2*a + 3*a - 25. Suppose -74 = -a*l + 106. What is the tens digit of l?
3
Suppose 5*k - 10 = 6*k. What is the units digit of -5*k/(-225) - (-4432)/18?
6
Let s(m) = m**3 + 15*m**2 + 6*m + 9. Let f be s(-10). Suppose -7*l + 223 + f = 0. What is the tens digit of l?
9
Let q = 39 + -39. Suppose q = 3*x - 44 - 133. What is the units digit of x?
9
Suppose 5*t - 16 = t. Suppose 4*r = -2*l + t, -l + r = -4*l + 11. Suppose 2*h = -l, 44 = -0*k + 2*k + 4*h. What is the units digit of k?
6
Let r = 376 + 575. What is the hundreds digit of r?
9
What is the tens digit of 1206/15 - -1 - (-2)/(-5)?
8
Let f(c) = 5*c**3 - 2*c**2 - c + 7. Let m(a) = -6*a**3 + 3*a**2 + a - 6. Let r(v) = -5*f(v) - 4*m(v). What is the tens digit of r(-4)?
1
Let r(g) = -2*g**3 - 6*g**2 + 5*g - 5. Let u be r(-5). What is the units digit of 16/72 + u/9?
8
Let n be ((-2)/(-2))/(9/198). Let j = n + -18. Suppose 2*q = 5*l - 23, 5 = -3*l + j*l. What is the units digit of q?
1
Let l be (-1)/3 + 77/(-21). Let v(m) = -9*m + 5. Let w(j) = 10*j - 4. Let b(z) = l*w(z) - 5*v(z). What is the units digit of b(10)?
1
Let n = 0 + 399. What is the units digit of n?
9
Let x = 30 - 17. Let q = -63 + 65. What is the tens digit of (-518)/(-13) + q/x?
4
Let h(z) = 2*z**2 + z - 25. Let x be h(-5). Suppose 25*b - 775 = x*b. What is the units digit of b?
5
Let g = -67 - -72. Suppose 4*b - 133 = -g*o, 0*o + b - 142 = -5*o. What is the units digit of o?
9
Let f(v) = 343*v**2 + v - 2. What is the hundreds digit of f(-1)?
3
Suppose -3*t - 5*n = -1415, -14*n = 3*t - 16*n - 1450. What is the tens digit of t?
8
What is the units digit of 66/(-4)*1*(6 + -30)?
6
Let c(h) = 2 - 2*h + h**2 + 0*h - 2*h**2. What is the units digit of c(0)?
2
Suppose 0*q - m + 30 = q, -4*q - m + 120 = 0. Suppose -16 = -2*w + 4*b, -5*b + 3 - q = -3*w. What is the units digit of w?
4
Suppose 985*g + 38346 = 999*g. What is the units digit of g?
9
Let p be (-77)/15 - 42/(-315). What is the units digit of (-1)/(-1*p/(-155))?
1
What is the hundreds digit of ((-356)/14)/(-12 + 19638/1638)?
3
Suppose -5*j + 10*j - 770 = 0. Suppose 39*s + j = 40*s. What is the hundreds digit of s?
1
Let r(f) = f - 1. Let d be r(1). Suppose 2*j + d*j = -114. Let o = j - -99. What is the units digit of o?
2
Suppose 4 - 7 = -u. Let c(q) = 4*q**2 + 4*q